u) = 5*u**2 - 15*u + 57. Let v(x) = 2*x**2 - 7*x + 27. Let f(b) = -3*c(b) + 7*v(b). Suppose -z + 2*g + 30 = -5*z, -3*g = 4*z + 31. What is f(z)?
-3
Let j(d) = 19*d**2 - d - 6. Let p(w) = -19*w**2 + w + 7. Let o = 301 - 306. Let h(r) = o*p(r) - 6*j(r). Give h(-1).
-19
Let q(n) be the third derivative of -n**4/6 - 13*n**3/2 + 9*n**2. Let f be q(-10). Let d(o) = -15*o**2 - 1. Determine d(f).
-16
Let k = 8 - 8. Suppose -5*u + 215 = -k*u. Let c = 48 - u. Let s(x) = x**3 - 5*x**2 + 3*x - 3. Determine s(c).
12
Suppose -211*g - 153 = -194*g. Let q(u) = u - 15. Give q(g).
-24
Let g(r) be the first derivative of -r**2/2 + 2*r - 3132. Let h = 30 + -15. Let c be (-4)/(-6) + 65/h. What is g(c)?
-3
Suppose 12 = b + 3*b - 4*w, -3*b - 5*w - 15 = 0. Let l(s) = 103*s + 23*s - 239*s + 13 + 112*s. Calculate l(b).
13
Let i = 125 + -125. Suppose i = -12*h + 146628 - 40572. Let d(s) = -s - h + 8838. Determine d(4).
-4
Let f(a) = 47*a**2 + a - 1. Let o be f(1). Let m = 68 - o. Suppose 14 = 7*j - m. Let u(x) = -x**2 + x + 6. Determine u(j).
-14
Let v = 118 - 112. Let a(z) = -7*z**2 - 14*z + 6. Let x(n) = 20*n**2 + 41*n - 19. Let r(c) = v*x(c) + 17*a(c). What is r(-10)?
8
Suppose 8 = -3*t + 29. Let z(n) = 20*n - 7*n + 4*n**2 + 6*n - 5 + 4. Let g(a) = 5*a**2 + 21*a. Let b(i) = 5*g(i) - 6*z(i). What is b(t)?
-8
Let c(x) = 9*x - 28. Let s(v) = 4*v**2 + 346*v + 348. Let z be s(-1). Give c(z).
26
Suppose w = 4*k + 20, 1839*k = -3*w + 1841*k + 20. Let l(p) = 0*p**2 + 0*p**2 + p**2 - 5 - 3*p. Give l(w).
-1
Suppose 8 = -5*q + 2*l, 2*q - 11 = 6*q + 3*l. Let d(p) be the second derivative of -1/12*p**4 + 9*p + p**2 + 0 + 1/3*p**3. What is d(q)?
-6
Let g(i) = 2*i**2 - 9*i - 7. Suppose 4*v + 40 = 4*h, -377*v + 374*v - 26 = -2*h. What is g(h)?
-11
Suppose -20 = -5*j + 2*m, -8 = -2*j + 72*m - 75*m. Let t(k) be the second derivative of -1/12*k**j + 0*k**3 + 1/20*k**5 - 20*k + 2*k**2 + 0. Determine t(0).
4
Suppose -146*p = -129*p - 34. Let g(x) be the second derivative of 0 - 1/12*x**4 - 9*x - 5/2*x**p - 7/6*x**3. Calculate g(-5).
5
Suppose -5*a - 42 = -p, 58*a - 6 = 60*a. Suppose 0 = 21*y - p*y + 6. Let l(v) = -13*v**3. What is l(y)?
-13
Let f(l) = l**2 - 2*l - 16. Let u be f(5). Let q be (12/(-12))/(1/u) - -3. Let n(x) = -x**3 + 4*x**2 + x + 2. Give n(q).
6
Suppose -127*f - 49 = -134*f. Let i(y) = 56 + 17*y**2 - f*y**3 - 25 - 26 + 6*y**3 - 10*y - 6*y. What is i(16)?
5
Suppose 59 = -17*o - 77. Let k be 9/(-48)*o*(-16)/6. Let u(m) = m**3 + 4*m**2 - 4*m - 2. Determine u(k).
14
Suppose -2*x - 1 = 1. Let o be 105/(-6)*(-2 - 4/(-5)). Let i(q) = 162 + o*q + 169 - 330 - 4*q. Calculate i(x).
-16
Suppose -l + 3 = 2*f, 43 - 35 = 2*l + 2*f. Let a = 10 + -5. Let j(m) = -2*m**3 + 6*m - m**3 - a + 6*m**3 - 6*m**2 - 2*m**3. Give j(l).
0
Let c(u) = 6*u - 19. Let o(z) = -6*z**2 + 228*z - 9. Let k be o(38). Calculate c(k).
-73
Let i = -32 + 34. Suppose -i*h + 7*h - 15 = 0. Let g(a) = -3*a**3 + h*a - 2*a + 7 - 6*a**2 + 2*a**3. Give g(-6).
1
Let p(b) = -b**3 - 5*b**2 - 6*b - 1. Let a be p(-4). Let q(i) = a - 1 + 2 - 9 - 2*i**2 - i. Suppose 5*m - 3*z = -0*m - 4, m + 12 = -5*z. What is q(m)?
-7
Let v = -4451 + 4449. Let g(w) = -14*w - 27. Give g(v).
1
Let j(t) = 5*t**2 - t. Suppose 3*l + 1216 = 11*l. Let s = -150 + l. What is j(s)?
18
Let u be (4/12 - 1)*-9. Suppose 2*w = -3*p + 6*p - u, -11 = -2*p - w. Let t(i) = 5*i**2 - p*i**2 - i**2 - 6 + i**3. Give t(0).
-6
Let x be (5 - 5) + 4 + 21. Suppose n = -24 + x. Let a(q) = 3*q - 5. Let i(b) = 2*b - 3. Let s(w) = 4*a(w) - 7*i(w). Give s(n).
-1
Let t(p) be the third derivative of -p**5/60 - 3*p**4/8 - 11*p**3/6 - 502*p**2 - 1. Determine t(-8).
-3
Let d(k) = -95 - 108 - 103 + 398 - 98 + 3*k. What is d(-2)?
-12
Let z(l) = l**2 + 4*l - 12. Suppose -43*f - 24950 = 7*f. Let c = -504 - f. What is z(c)?
-7
Let g(y) = -6*y + 267. Let o(k) = 4*k - 146. Let c(d) = -6*g(d) - 10*o(d). Give c(-29).
-26
Suppose -17*i + 149*i - 918 = -21*i. Let w(h) = 3 + 3 - 1 + h**3 - 7*h**2 + 6*h. Determine w(i).
5
Let v(u) = 12*u - 2. Suppose -o + 29 = -4*g, g - 6*g = -4*o + 39. Calculate v(o).
10
Let z(s) be the third derivative of s + 0 - 30*s**2 + 1/60*s**5 - 1/24*s**4 - 29/6*s**3. Calculate z(0).
-29
Let i(d) = 80*d - 159. Let s be -1*((-360)/(-50))/9*(-5)/2. Give i(s).
1
Let a(s) = -4*s + 7. Let w(y) = y - 2. Let u(g) = 19*g - 46. Let n be u(2). Let r(i) = n*w(i) - 3*a(i). Determine r(2).
3
Let a(c) = c**3 - 8*c**2 + 7*c + 6. Let u be 7/(245/(-14)) + (-604)/(-10). Let n = 27 - u. Let t be 2/(-12)*n + 3/2. Give a(t).
6
Let t(m) be the third derivative of m**5/60 + m**4/6 + m**3 + 32050*m**2. Let y = 1 + -5. Determine t(y).
6
Let t be 360/(-30) + (6 - 4) + -4. Let s(w) = w**3 + 16*w**2 + 29*w. Calculate s(t).
-14
Let m(g) be the second derivative of -g**3 + 27*g**2/2 + 3*g + 12. What is m(-4)?
51
Let z(k) be the third derivative of 5*k**4/24 - 2*k**3 + k**2 - 9*k. Let v(r) = -11*r + 26. Let f(h) = -4*v(h) - 9*z(h). Determine f(5).
-1
Let n(o) be the first derivative of -o**3/3 + 5*o**2/2 - o + 2158. Suppose 7*x - 16 = 3*x. Calculate n(x).
3
Let t(u) be the first derivative of -u**6/120 - u**5/20 + u**4/6 - 7*u**3/6 - 79*u**2/2 - u - 49. Let k(c) be the second derivative of t(c). Calculate k(-4).
-7
Let b = 18 + -27. Let l(q) be the first derivative of q**2 - 17*q - 2523. Let z(m) = -m + 8. Let j(w) = b*z(w) - 4*l(w). Give j(-4).
-8
Let i(g) = -5*g**2 + 41*g + 6. Let m be 0*10/90 - -8. Calculate i(m).
14
Let d(h) = 357*h**2 - h + 3 - 356*h**2 + 0*h. Suppose 4*a = 11 + 1. Suppose -3*q + a = 2*u, 2*u + 4 = 5*u + 5*q. Calculate d(u).
9
Let v(c) = -11*c**3 + 5*c + 26*c**2 - 19 + 33 + 12*c**3 - 10*c**2 - 4*c. Give v(-16).
-2
Let j = -83 - -100. Let s(a) = 3*a**3 - 43*a**2 - 26*a - 6. Let w(n) = -n**3 + 15*n**2 + 9*n + 2. Let d(t) = j*w(t) + 6*s(t). Determine d(3).
-11
Let p(l) = 2*l - 5. Let v = 72 + -57. Suppose -9 + v = x. Suppose j + 2 - x = 0. Determine p(j).
3
Let p(m) = 3*m - 28. Let d be p(19). Let i(l) = -48 - d + 4*l + 72 + l**2. Give i(-4).
-5
Let k(j) = 8*j + 34. Let d be k(1). Suppose d*s = -105 - 21. Let x(t) = 4*t**2 + 3*t + 2. Give x(s).
29
Let g = 155 + -153. Suppose 0 = g*p - 14 + 22. Let t(b) = b**3 + 4*b**2 + 7. Calculate t(p).
7
Let t = -1002 + 1002. Let v be -6*(-1 + -1)/(-6). Let a(j) = 3*j + 9. Let b(h) = 4*h + 10. Let w(f) = v*b(f) + 3*a(f). What is w(t)?
7
Let w(u) = 4*u + 2. Suppose -5*n - 2*g = 3, -5*n + 6*g + 13 = 4*g. Let x be (-116)/5 + n/5. Let s be x/4 - 22/88. Determine w(s).
-22
Let t(h) be the second derivative of 46 + 2*h + 9/2*h**2 + h**3 - 1/12*h**4. Calculate t(8).
-7
Suppose -3*d - d = -12. Suppose o - d = -0. Let b(m) be the first derivative of m**3/3 - 5*m**2/2 + 3*m + 1285. What is b(o)?
-3
Let c = -1 + -3. Let y be (-80)/6*54/(-12). Let u(h) = -109 + 54 + 2*h + y. Give u(c).
-3
Let p(u) be the third derivative of -u**6/120 - u**5/20 + u**4/12 + 2*u**3/3 + 65683*u**2. Suppose 0 = 4*l + 14 + 6. Calculate p(l).
44
Let h(u) = -21347 + 2*u - 6*u**2 + 21354 + 4*u**2 + 3*u**2. What is h(-6)?
31
Suppose 2*f - 2 = 2*g, 4*g - 2*f + 13 = 9. Let c(q) = -23*q**2 - 26*q - 1. Determine c(g).
2
Suppose 0 = 2020*u - 2015*u - 35. Let o(f) = 2*f**3 - 16*f**2 + 6*f. Determine o(u).
-56
Suppose -24*s = -35 + 275. Let q(u) = u**3 + 9*u**2 - 4*u + 24. Calculate q(s).
-36
Let t(p) = -3*p + 42. Let s(b) = -b + 25. Let c(n) = -3*s(n) + 2*t(n). What is c(13)?
-30
Let t = 2373 - 2365. Let i(f) = f**3 - 3 + 9*f + 1 - 9*f**2 - 5 - 1. Calculate i(t).
0
Let y(x) = -2*x + 29. Suppose -32*d = -8*d - 48. Suppose -4*k + 5*w + 62 = 0, d*k - w = -0*w + 34. Calculate y(k).
-7
Let j(a) = a. Let i = 140 - 137. Suppose -w = i*z - 3, 5*z + 3*w + 2 = -w. Calculate j(z).
2
Let o(g) = 3 - 7*g + 6 + 2*g**2 - 7 - 3*g**2. Let r = 47 - 42. Suppose z + 2 = -r. What is o(z)?
2
Suppose 0 = 74*r - 26*r + 288. Let t(j) = -3*j - 27. Calculate t(r).
-9
Let w(p) = 2*p**2 - p. Let g be w(-1). Let q(n) = -2*n + g*n - 2*n**2 - n**2 - 1. Suppose 63*f = 68*f + 5*k, 3*f - 3*k = -12. Give q(f).
-15
Let n(d) = -7*d**3 + 38*d**2 + 77*d - 6. Let h be n(7). Let r(k) = 3*k**3 + 16*k**2 - 14*k + 2. Give r(h).
14
Let y(n) = -n**3 - 2*n**2 + n. Let i(k) = 8*k + 18. Let g be i(-6). Let l be 26/5 - 1 - (-6)/g. Suppose -r + 2 = l. Determine y(r).
-2
Suppose 3*v = 65 - 101. Let n(d) = 4*d + 51. Let s be n(v). Let h(o) 